ctor of 4671402?
False
Does 3181 divide 270330458?
False
Is 6170 a factor of 327512192?
False
Is 17 a factor of 20745202?
True
Is 517407 a multiple of 6?
False
Is 21 a factor of 316114890?
True
Is 5 a factor of 181643458?
False
Is 183 a factor of 21850338?
False
Is 75 a factor of 30921975?
True
Does 4630 divide 872515629?
False
Is 39 a factor of 47997673?
False
Does 270 divide 2335597740?
True
Does 1144 divide 224282421?
False
Is 6191834 a multiple of 9?
False
Is 6968700 a multiple of 15?
True
Does 6406 divide 2723696674?
True
Does 37 divide 26992203?
True
Is 26 a factor of 3186781230?
False
Is 298277067 a multiple of 19?
True
Is 107779350 a multiple of 30?
True
Is 45 a factor of 159841485?
True
Does 50 divide 1749504?
False
Does 80 divide 109218364?
False
Is 3947908618 a multiple of 13474?
False
Is 6 a factor of 11196084?
True
Does 153 divide 765274839?
False
Does 2581 divide 3737308370?
False
Does 13 divide 3793935922?
False
Is 28561626 a multiple of 861?
False
Does 11119 divide 421557278?
False
Is 22705956 a multiple of 956?
True
Is 35 a factor of 735620114?
False
Is 185587842 a multiple of 2811?
True
Is 452078328 a multiple of 156?
True
Is 4 a factor of 294418416?
True
Is 12341374 a multiple of 38?
True
Does 230 divide 621434700?
True
Does 13 divide 23853791?
True
Does 207 divide 175817934?
True
Does 85 divide 74916672?
False
Is 65 a factor of 35252035?
True
Does 708 divide 44595504?
True
Is 8 a factor of 94665493?
False
Is 125503630 a multiple of 1031?
True
Does 3902 divide 2906174482?
True
Is 143 a factor of 143397540?
True
Does 2062 divide 118818626?
True
Is 627 a factor of 1653440?
False
Is 243637540 a multiple of 22?
False
Is 8421 a factor of 36808191?
True
Is 172 a factor of 26435093?
False
Is 645 a factor of 410529600?
True
Is 1137 a factor of 257955156?
False
Is 9 a factor of 103258251?
True
Does 15 divide 320002193?
False
Is 4215 a factor of 1265569159?
False
Is 2339670 a multiple of 190?
False
Does 532 divide 2492211988?
True
Does 8 divide 15291288?
True
Is 3 a factor of 4999926?
True
Is 5 a factor of 65701445?
True
Does 1894 divide 49455662?
False
Is 13173440 a multiple of 167?
False
Does 7110 divide 4400985997?
False
Is 4 a factor of 1493556?
True
Does 63 divide 947457?
True
Does 794 divide 422747832?
True
Does 720 divide 790179840?
True
Is 210495075 a multiple of 15?
True
Is 2 a factor of 3888858?
True
Does 129 divide 5592924?
True
Is 21063434 a multiple of 98?
True
Is 83819697 a multiple of 57?
True
Is 3244594932 a multiple of 19?
False
Is 108 a factor of 438039036?
True
Does 446 divide 111892480?
True
Is 673 a factor of 904491810?
True
Does 61 divide 97700589?
True
Does 76 divide 38282615?
False
Is 158291685 a multiple of 361?
False
Is 119 a factor of 22324195?
False
Is 153 a factor of 462640580?
False
Does 22 divide 246878731?
False
Does 175 divide 233995125?
True
Is 75782764 a multiple of 3671?
False
Is 1551764214 a multiple of 1386?
True
Does 38 divide 153483824?
True
Is 14 a factor of 131120066?
True
Is 79 a factor of 898260494?
True
Is 48446755 a multiple of 35?
True
Is 165 a factor of 1754722087?
False
Is 3006091692 a multiple of 1164?
True
Is 4 a factor of 426894424?
True
Is 1658528 a multiple of 8?
True
Is 3132990487 a multiple of 97?
True
Does 1114 divide 1806992664?
True
Is 98470178 a multiple of 705?
False
Is 1227 a factor of 70801581?
True
Is 16 a factor of 46382976?
True
Is 10382 a factor of 4794521297?
False
Does 1455 divide 23765944?
False
Is 719 a factor of 4434073?
True
Does 50 divide 193167593?
False
Is 144 a factor of 2995488?
True
Is 382 a factor of 7900191?
False
Does 5136 divide 115051536?
True
Is 49 a factor of 243724841?
False
Does 2174 divide 211508460?
True
Is 34 a factor of 305634568?
True
Is 1467 a factor of 314207928?
True
Does 86 divide 1549130547?
False
Is 39 a factor of 9886656?
True
Is 38160099 a multiple of 20?
False
Is 3208412 a multiple of 2?
True
Is 408 a factor of 29082648?
True
Is 2886190236 a multiple of 10?
False
Is 1523044229 a multiple of 140?
False
Is 1007 a factor of 622848633?
True
Does 241 divide 13225357?
True
Does 3559 divide 222038892?
True
Is 6278 a factor of 4613658254?
True
Does 244 divide 80032000?
True
Does 15 divide 7770325?
False
Is 495 a factor of 9526182?
False
Is 10 a factor of 289556288?
False
Is 78 a factor of 12603810?
False
Is 613 a factor of 46115990?
True
Does 375 divide 13754787?
False
Does 962 divide 325730314?
True
Does 2956 divide 47680280?
True
Is 149580029 a multiple of 811?
True
Is 4669 a factor of 129387328?
True
Does 16 divide 50883080?
False
Does 253 divide 206564312?
False
Does 554 divide 82289498?
True
Does 261 divide 3361614823?
False
Does 13 divide 349547354?
True
Is 297 a factor of 5889374?
False
Does 218 divide 26203382?
True
Is 13273370 a multiple of 330?
False
Is 9 a factor of 8195217?
False
Does 836 divide 173071228?
True
Does 585 divide 85374670?
False
Does 32 divide 139484455?
False
Is 17840282 a multiple of 124?
False
Does 3168 divide 46815871?
False
Does 118 divide 6049624?
True
Is 23 a factor of 11732595?
False
Is 229022269 a multiple of 287?
True
Is 164996734 a multiple of 2126?
True
Is 4 a factor of 3775963?
False
Does 47 divide 70558515?
True
Does 572 divide 967382528?
False
Is 773 a factor of 358525998?
False
Is 2072839 a multiple of 95?
False
Is 100414093 a multiple of 1385?
False
Is 243 a factor of 389718370?
False
Is 34451154 a multiple of 134?
False
Is 147684396 a multiple of 11?
False
Is 15 a factor of 421446731?
False
Does 118 divide 352146229?
False
Does 1290 divide 52791960?
True
Is 483 a factor of 35065048?
False
Is 1826 a factor of 116685388?
False
Is 14335090 a multiple of 385?
True
Is 88523772 a multiple of 59?
False
Is 8 a factor of 34029872?
True
Does 667 divide 53614127?
True
Does 69 divide 622684497?
True
Is 24271170 a multiple of 462?
True
Does 2 divide 26769196?
True
Is 172 a factor of 16728720?
True
Is 6623468530 a multiple of 35?
True
Is 7641466 a multiple of 1223?
False
Does 259 divide 148163691?
False
Is 73 a factor of 72069907?
True
Is 6136811 a multiple of 9?
False
Does 62 divide 1363352?
False
Is 3915 a factor of 276223362?
False
Is 39 a factor of 14805375?
True
Is 6494256 a multiple of 9?
True
Is 556174780 a multiple of 1034?
False
Is 21469761 a multiple of 356?
False
Does 16 divide 16547366?
False
Is 12475890 a multiple of 966?
True
Is 120048751 a multiple of 337?
False
Is 42 a factor of 7065114?
True
Is 172107031 a multiple of 5?
False
Does 78 divide 266613360?
True
Does 7356 divide 1072328256?
True
Is 182036508 a multiple of 3767?
True
Is 14 a factor of 4045454?
True
Is 36 a factor of 353429784?
True
Is 62 a factor of 1043743261?
False
Is 13223 a factor of 455093507?
False
Is 621 a factor of 50506919?
False
Is 66 a factor of 471459329?
False
Does 316 divide 47502068?
True
Is 17 a factor of 3685906?
True
Does 12 divide 37251600?
True
Is 30798508 a multiple of 26?
True
Is 17 a factor of 20504760?
False
Does 1326 divide 406990067?
False
Is 11 a factor of 145981582?
False
Is 1460310826 a multiple of 6278?
False
Is 210239544 a multiple of 3?
True
Is 50120479 a multiple of 209?
False
Does 122 divide 2905186?
True
Does 1839 divide 83088759?
False
Does 1490 divide 395493164?
False
Does 250 divide 100180750?
True
Is 27469628 a multiple of 1596?
False
Is 9 a factor of 190102466?
False
Is 10329212 a multiple of 164?
True
Is 1455896511 a multiple of 143?
False
Does 12 divide 235618140?
True
Does 13 divide 77032575?
False
Is 1292 a factor of 444448?
True
Does 14 divide 3221499020?
False
Does 688 divide 916234368?
True
Does 16 divide 234251879?
False
Is 2291 a factor of 330412583?
False
Does 2630 divide 171674961?
False
Does 908 divide 8783992?
True
Is 37140144 a multiple of 3?
True
Does 137 divide 71762328?
False
Is 11904052 a multiple of 3?
False
Does 1082 divide 354287073?
False
Does 6674 divide 266624516?
False
Is 3 a factor of 172539476?
False
Does 10 divide 205816600?
True
Is 15 a factor of 2582070?
True
Is 1770 a factor of 20655900?
True
Does 443 divide 175491792?
True
Is 19121 a multiple of 2?
False
Does 766 divide 3730472088?
True
Is 42 a factor of 218017548?
True
Is 5788909096 a multiple of 11253?
False
Does 114 divide 71448588?
True
Does 15 divide 60923490?
True
Is 687 a factor of 651104261?
False
Is 2